vative of 51/2*x**2 - 41*x + 98/3*x**3 + 0. Is d(13) prime?
False
Suppose -1997 + 5887 = 5*w. Suppose -524 - w = -6*a. Is -1*3 + (a - 3) composite?
False
Let a(z) = -2*z**3 - 2*z**2 + 67 + 2*z**3 - z - z**3. Suppose -56*y = -58*y + u - 4, -3*y - 2*u = -8. Is a(y) a composite number?
False
Let t be (20/(-5) + 4)/1. Suppose -2*q + 3 + 433 = t. Let r = q + 253. Is r prime?
False
Let y = 29 - 29. Suppose y = -0*k + 12*k - 36. Suppose 0 = -5*r + 2*r + k*i + 2523, -2515 = -3*r - i. Is r a composite number?
False
Let v(z) = 5*z**3 + 4*z**2 + 28*z - 90. Let s(u) = u**3 - u**2 + u - 1. Let h(x) = -6*s(x) + v(x). Is h(11) a prime number?
True
Let s(m) = -194*m + 73. Let y = -522 + 505. Is s(y) a composite number?
False
Let p = 121 + -105. Is -1*-2*4/p*1310 a prime number?
False
Let k be 12/(-78) - 28/(-13). Suppose q - 5*n - 4439 = -k*q, -q + 2*n + 1478 = 0. Is (0 - 3) + q/3 prime?
False
Suppose -12 + 2 = 10*l. Let f(p) = -2482*p**2 + 9*p + 1. Let q be f(l). Let t = 4249 + q. Is t composite?
False
Is (56 + -51)*(-204734)/(-5) a composite number?
True
Suppose 13 = -3*c + 16*c. Let w(m) = 6066*m - 23. Is w(c) a composite number?
False
Suppose 0 = -4*y - 5*w + 3057898, 1267920 - 4325826 = -4*y - w. Is y a composite number?
True
Let k be (3/(-4))/(1/4). Let p(f) = -419*f + 11. Let x(g) = 415*g - 12. Let h(d) = -4*p(d) - 5*x(d). Is h(k) composite?
False
Suppose 9*w = 8*w - 5. Let n(u) = -58*u**3 + u**2 - 8*u - 4. Is n(w) prime?
False
Let n = -857 - -859. Suppose b + 6241 = 2*u, -3*u - n*u = -2*b - 15601. Is u prime?
True
Let y be (-265)/(-30) + 2 + (-2)/(-12). Let b(s) = -8*s**2 - 11*s - 8. Let q be b(y). Let c = q - -1616. Is c prime?
False
Suppose -3*c + 26352 = -4*o + 161504, -3*o + 4*c = -101357. Is o a prime number?
True
Suppose 2*t + u - 246 - 22443 = 0, -t + 2*u + 11357 = 0. Let m = -885 + 885. Suppose 9*z - t - 25094 = m. Is z a prime number?
True
Suppose 22627365 = -122*s + 131*s - 2*x, -5*s - 3*x = -12570746. Is s prime?
True
Let r(t) be the third derivative of 2173*t**5/60 + 7*t**4/24 + 4*t**3/3 - 224*t**2. Is r(2) a composite number?
True
Suppose -c - 3*k = -3158 - 14870, -72082 = -4*c + 3*k. Is c prime?
False
Let d(m) be the second derivative of -m**8/480 - m**6/120 + m**5/120 - 2*m**4/3 - 18*m. Let q(x) be the third derivative of d(x). Is q(-3) prime?
True
Is (-4)/(-1 + (-1290408)/(-1290424)) a composite number?
True
Suppose -138*j = -20*j + 61*j - 43113403. Is j composite?
True
Is 2739098/217 + (-48)/84 prime?
False
Let m = -37 - -42. Suppose -m*q + 37940 - 11845 = 0. Is q a composite number?
True
Is (-11426)/(-12)*(352 + -346) composite?
True
Suppose 0 = -16*t - 78151 + 14951. Let s = -2551 - t. Is s a composite number?
False
Suppose -21*j + 456199 = -442328. Is j a prime number?
True
Let f(l) = l + 4*l - 2*l + 2*l - 15. Let y be f(4). Suppose -y*m + 1620 = -2*m - 2*x, -5*m - 4*x = -2722. Is m a composite number?
True
Let o(b) = 4135*b**2 - 41*b - 209. Is o(-5) composite?
True
Is ((-1)/4)/(92/(-70920592)) composite?
True
Let f = 47 - 35. Suppose -8*b - f = -36. Suppose -b*c + 2425 = 2*c - o, 2*o = -5*c + 2425. Is c a composite number?
True
Suppose 3*x + 2568 - 44701 = 81248. Is x a prime number?
False
Suppose -r + 4*o + 1044 = 0, -2*r - 2*r + 3*o = -4228. Suppose 14*d = -16*d - 17250. Let t = d + r. Is t a composite number?
True
Suppose 130 = 9*q + q. Let z(s) = -s**3 + 14*s**2 + 6*s - 9. Let m be z(q). Suppose -4*g - 4304 = -4*c, -m = c + g - 1308. Is c a composite number?
True
Is 29/(10/1345860*18) composite?
True
Suppose 136*q - 146*q + 135730 = 0. Suppose 3*i - q = 920. Is i composite?
False
Is 218/545 + 326866/(-20)*-2 prime?
True
Let d = -3308 + 8170. Suppose 0 = 5*l - 5*g - 96 - 194, 4*g + 126 = 2*l. Suppose 5*a - d = l. Is a prime?
True
Let i(w) = 38*w**3 - 15*w**2 - 22*w + 114. Is i(17) composite?
False
Let d(t) = 14*t**2 - 2*t - 20. Let n be d(9). Let o = n - 762. Is o composite?
True
Let l(v) = 4232*v**2 - 3*v - 1. Let j be l(-1). Suppose o - 4*t = -5*t + j, -2*t = -3*o + 12717. Is o prime?
False
Suppose -11377 = -w - 2*z, -5*w + 41957 = 4*z - 14946. Is w composite?
False
Let a(d) = -7*d + 13887. Let w be a(0). Suppose -106*r = -115*r + w. Is r prime?
True
Suppose 14*l - 45070 = 34646. Let g = l - -1805. Is g composite?
False
Suppose 0 = -911*o + 787*o + 2260148. Is o a prime number?
False
Let k(s) = -60*s + 11. Let y(o) = o**3 + 13*o**2 + 14*o - 21. Let n be y(-11). Suppose 2*v = -2*p + 5*p - 18, 5*v = 2*p - n. Is k(v) a composite number?
False
Suppose 4*q = -l + 7421, -3*l = -3*q + 5981 - 389. Suppose -5*t - 2696 - 3884 = 0. Let z = q + t. Is z composite?
False
Let m = 36283 - -5880. Is m a composite number?
True
Suppose 5*o - 9*o = 68. Let y(t) = 24*t - 13. Let b be y(o). Is b/(-2) + (-15)/10 prime?
False
Let p = -1699 + 1560. Suppose -3*m + u = 191, 2*u + 134 = -5*m - 166. Let q = m - p. Is q a prime number?
False
Let q = 63212 - -700202. Is q a prime number?
False
Let w = -181 + 183. Suppose 4*q - w*g = -7*g + 1631, 5*q + g - 2044 = 0. Is q composite?
False
Suppose m + 26 = u, m - 3*u - 132 = 5*m. Let n be 176/m - (-10)/(-75). Let p(t) = -4*t**3 - 6*t**2 + 7*t + 7. Is p(n) composite?
False
Let d(k) = 8*k**3 - 31*k**2 + 85*k - 191. Is d(18) prime?
True
Let v = -132 - -147. Let c = v - -332. Is c a prime number?
True
Let n be (-4 + (4 - 0))/(-1 - -2). Suppose 444 = -n*m - 6*m. Let w = m + 491. Is w a prime number?
False
Let r(a) = -44 - 7*a**2 + 39 + a**3 + a + 0*a - a**2. Let n be r(8). Suppose -4*o = -n*o - 127. Is o composite?
False
Suppose -4*j + 392 = l - 4501, 0 = 4*l + 3*j - 19572. Suppose -8*i + 2771 = -l. Is i composite?
True
Is 3/42 + (-2)/((-280)/211096050) a composite number?
True
Suppose -681*t + 3*m = -677*t - 101777, 0 = t - m - 25446. Is t a prime number?
True
Let b(l) = 21*l - 2*l + 37*l + 6 - 12*l. Let p(f) = 44*f + 6. Let t(n) = 7*b(n) - 6*p(n). Is t(5) composite?
True
Let w(u) = 61*u**2 + 104*u - 350. Is w(23) prime?
False
Suppose -8*a = -42490 + 7498. Let v = a - -1145. Is v prime?
True
Let d be ((-1118)/28 + (-30)/(-70))*8. Let g = 1230 + d. Is g composite?
True
Let o(z) = 6136*z + 57. Is o(7) prime?
False
Let g be 595 - -16 - (-4)/(-1). Let y = -116 + g. Is y a prime number?
True
Is 2*265509/(-72)*-4 prime?
True
Suppose -10*i - 2*w + 354 = -14*i, -2*i - 187 = w. Suppose 3*u + 16 = 2*d, u = -5*d + 5 - 16. Is ((-262)/u)/(-4 + i/(-21)) a composite number?
False
Let m(u) = 19022*u - 209. Is m(3) a prime number?
True
Let p(w) be the third derivative of -67*w**4/12 + 14*w**3/3 + 35*w**2. Let z(i) = -i. Let f(o) = -p(o) + 3*z(o). Is f(9) a composite number?
False
Let d(n) = 6*n + 3*n + 36*n**2 - 35*n**2 + 12. Let u be d(-6). Let i(j) = -5*j**3 - 9*j**2 - 2*j - 5. Is i(u) a prime number?
False
Suppose 8361 = 4*o - 3*y, -3*y - 627 - 1452 = -o. Let g = o - -2697. Is g prime?
False
Let d be ((-10194)/4)/(31/(-186)). Suppose 14*t + 493 = d. Is t a prime number?
False
Let g be (-288)/64*(-20622)/(-1). Is (-2)/(-5 - g/18561) composite?
True
Let b = 547953 + -298922. Is b a composite number?
True
Is 22 + -7 + -36 + 10120 a composite number?
False
Let g = 470 + -387. Is g/(2/2 + 0) a composite number?
False
Suppose 0 = v - 5*f - 63673, 5*v - 145549 = 5*f + 172736. Is v prime?
False
Let d(x) = 6*x**3 + 3*x**2 - 31*x - 1. Let l be d(8). Suppose -3*n + 3*f = -l, 11*f = -3*n + 8*f + 3021. Is n a composite number?
True
Suppose 0 = y - 4, -3*f + 9*y = 8*y - 1141139. Is f prime?
False
Let f = 144627 - 79544. Is f a composite number?
True
Let q = 470 + -501. Let v(n) = 23*n**2 - 2*n + 102. Is v(q) prime?
False
Let s be 88265/(-10) - 3/12*-2. Let k = 14521 + s. Suppose 13*w = 8*w + k. Is w a prime number?
False
Let g(t) = 6047*t**2 - 110*t + 434. Is g(7) a composite number?
True
Let l = 1812873 + -1126387. Is l prime?
False
Let p = 26457 + -15541. Let g(d) = 7*d**3 - d**2 + d - 1. Let i be g(1). Suppose p = i*y + 2090. Is y a prime number?
True
Suppose -22*u - 9*u = 143871. Let r = u - -30482. Is r a prime number?
True
Let u be -3*(-8)/3*2/8. Suppose -w + 5*h + 2251 = 0, -3*h + 4442 = 2*w + u*h. Is w composite?
True
Let a(v) = -24*v - 3. Let z be a(3). Suppose 28*d - 2538 = 486. Let p = z + d. Is p a prime number?
False
Suppose -328*g + 335*g = 562655 + 212742. Is g a composite number?
False
Let p(u) = 3*u**3 - 75*u**2 + 108*